(11).
-4
Let r(a) = 3*a**3 - 17*a**2 + 219*a - 1737. Determine r(9).
1044
Let d(z) = -z**3 - 400*z**2 + 9287*z + 1534. Calculate d(-422).
268
Let b(w) = 3*w**3 + 24*w**2 - 5*w + 103. What is b(-11)?
-931
Let r(i) = 14*i**2 + 295*i + 7. Determine r(-14).
-1379
Let i(y) = -y**3 + 2*y**2 - 3621*y - 7251. Give i(-2).
7
Let q(x) = x**3 - x**2 + 72*x + 139. Calculate q(-2).
-17
Let r(u) = u**3 - 288*u**2 - 24*u + 89252. Calculate r(287).
-5
Let n(j) = -618601*j + 9279003. What is n(15)?
-12
Let v(l) = l**3 - 7*l**2 + 966*l - 9956. Calculate v(10).
4
Let z(g) = 718*g + 22193. Determine z(-30).
653
Let w(v) = -4*v**2 + 1526*v - 6141. Give w(4).
-101
Let p(k) = -k**2 + 310*k - 16582. What is p(78)?
1514
Let w(q) = 3066*q + 104320. Give w(-34).
76
Let r(y) = 5570*y - 272850. Give r(49).
80
Let h(f) = 3*f**3 + 227*f**2 + 146*f - 254. Calculate h(-75).
46
Let k(m) = -14*m**3 - 45*m**2 + 163*m - 51. Calculate k(3).
-345
Let w(h) = h**3 - 36*h**2 + 11*h + 790. Determine w(35).
-50
Let l(v) = 98232*v - 982313. Calculate l(10).
7
Let n(j) = j**2 - 458*j - 142970. Calculate n(-213).
-47
Let p(r) = -r**3 + 72*r**2 + 3047*r + 1351. Calculate p(102).
25
Let x(s) = -85*s**3 - 46151*s**2 + 2174*s + 1145. Calculate x(-543).
59
Let m(j) = -256*j - 144. Calculate m(-2).
368
Let c(l) = -33*l + 2551. Give c(47).
1000
Let h(c) = 58*c**2 + 2691*c - 1421. Calculate h(-47).
224
Let h(l) = 24100*l - 481948. Determine h(20).
52
Let n(d) = -d**3 + 103*d**2 - 543*d + 34580. Give n(101).
139
Let o(f) = -f**3 + 11230*f**2 - 891999*f - 57. What is o(80)?
23
Let i(d) = d**3 - 49*d**2 - 1408*d + 69895. What is i(48)?
7
Let y(i) = -4*i**2 - 108*i - 1240. Calculate y(-17).
-560
Let x(n) = 3904*n - 261662. Give x(67).
-94
Let q(c) = 264*c + 12864. Determine q(-50).
-336
Let t(z) = -674*z**3 + 6069*z**2 - 26*z + 7. Calculate t(9).
16
Let r(y) = 125712*y - 2. Give r(0).
-2
Let g(m) = 2*m**3 - 226*m**2 - 460*m - 36. Determine g(115).
-36
Let p(m) = m**3 - 8*m**2 - 165*m + 1335. What is p(8)?
15
Let s(g) = -767*g - 15429. Calculate s(-20).
-89
Let u(p) = -104*p**3 + 1663*p**2 - 14*p - 28. Give u(16).
-508
Let z(c) = -42*c**2 - 3246*c - 906. Calculate z(-77).
18
Let g(c) = -c**3 + 163*c**2 - 559*c + 146677. What is g(165)?
-8
Let b(t) = 8*t**2 - 134*t - 2217. Determine b(26).
-293
Let u(a) = 31074*a - 652571. Give u(21).
-17
Let l(w) = -35*w**3 - 18*w**2 + 65*w - 46. Determine l(3).
-958
Let r(p) = -8223*p - 139797. Give r(-17).
-6
Let g(r) = 2*r**3 - 3*r**2 - 4*r - 39. Give g(0).
-39
Let f(c) = -4*c**3 - 12*c**2 + 2263*c + 2276. Calculate f(-1).
5
Let a(o) = -48*o**2 - 27872*o + 9321. Determine a(-581).
25
Let b(q) = -q**3 - q**2 + 498*q - 2339. Determine b(5).
1
Let c(h) = -23004*h + 8189392. Calculate c(356).
-32
Let b(o) = o**2 + 1190743*o + 4762945. What is b(-4)?
-11
Let f(x) = 19*x**2 - 103*x - 86. Calculate f(6).
-20
Let t(i) = 24382*i - 219608. What is t(9)?
-170
Let n(i) = 22*i**2 - 249*i + 8. What is n(13)?
489
Let j(b) = -10830724*b - 43322895. What is j(-4)?
1
Let w(o) = -9936*o - 2215728. Give w(-223).
0
Let y(m) = -10043*m + 1687209. Calculate y(168).
-15
Let c(k) = 27*k**2 + 1031*k + 9288. Give c(-15).
-102
Let s(q) = -127*q + 2950. Determine s(23).
29
Let p(u) = 812850*u - 13005596. Give p(16).
4
Let n(k) = -2425*k - 46104. Determine n(-19).
-29
Let l(y) = 1014*y + 7554. Determine l(-8).
-558
Let l(n) = -9*n**2 + 825*n - 14963. Give l(25).
37
Let o(h) = 15927*h + 493760. What is o(-31)?
23
Let x(k) = -390*k**2 + 44072*k - 276. Give x(113).
-50
Let y(f) = -4127*f + 182081. What is y(44)?
493
Let i(q) = q**3 + 224*q**2 + 3876*q - 3875. Calculate i(-205).
20
Let l(y) = -2*y**3 + 2*y**2 - 55*y + 9. Determine l(0).
9
Let n(i) = 112*i**2 - 35098*i - 21974. What is n(314)?
6
Let h(c) = -3*c**2 - 77*c + 256. What is h(-28)?
60
Let m(d) = 18*d**2 - 251*d + 273. Determine m(14).
287
Let u(r) = -55*r**2 + 186*r - 388. Calculate u(2).
-236
Let g(s) = -4337*s + 43003. Calculate g(10).
-367
Let o(h) = h**2 - 47*h - 1820. Determine o(-25).
-20
Let p(b) = -13517*b - 94625. Give p(-7).
-6
Let f(o) = -o**3 - 114*o**2 + 194*o + 86. Calculate f(2).
10
Let u(d) = 236*d - 33024. Calculate u(140).
16
Let m(b) = b**3 + b**2 - 90*b - 775. What is m(-16)?
-3175
Let o(q) = -246*q - 1958. Calculate o(-7).
-236
Let w(v) = v**3 - 7*v**2 - 126*v - 20. Give w(-5).
310
Let w(p) = -364*p**3 + 8736*p**2 + 17. Calculate w(24).
17
Let w(v) = 9111*v + 36620. Give w(-4).
176
Let t(y) = -2*y**3 + 1295*y**2 + 15161*y - 3206. What is t(659)?
-570
Let m(d) = -3056636*d + 36679641. What is m(12)?
9
Let a(w) = 632*w**2 + 17700*w + 124. Calculate a(-28).
12
Let y(t) = t**2 - 111690*t - 670171. What is y(-6)?
5
Let m(t) = 14*t**3 + 599*t**2 - 111*t - 266. Give m(-43).
-1040
Let j(i) = -4044*i + 113242. Determine j(28).
10
Let t(i) = -11*i**3 + 98*i**2 - 146*i - 9. Calculate t(7).
-2
Let v(f) = 516*f**2 - 13396*f - 385. Determine v(26).
135
Let s(r) = r**2 + 1768*r - 30220. What is s(17)?
125
Let i(v) = -97*v - 15506. Determine i(-160).
14
Let l(d) = -d**3 + 77*d**2 - 10*d + 754. Determine l(77).
-16
Let g(d) = 71*d**2 - 748*d + 1864. Calculate g(4).
8
Let s(l) = -3*l**3 + 336*l**2 + 794*l - 713. What is s(-3)?
10
Let q(a) = -43*a - 4225. What is q(-99)?
32
Let h(w) = -616598*w - 616581. Determine h(-1).
17
Let i(v) = v**3 - 14*v**2 - 422*v + 581. Calculate i(28).
-259
Let w(c) = -16864*c - 2023692. What is w(-120)?
-12
Let q(w) = -36093*w + 1154969. Determine q(32).
-7
Let d(h) = -581*h**2 + 2325*h - 1. Calculate d(4).
3
Let d(s) = 2*s**2 - 70*s - 1318. Give d(51).
314
Let n(x) = 135*x**2 + 784*x - 1212. Give n(-7).
-85
Let k(y) = -60*y + 4719. Give k(25).
3219
Let n(z) = 8*z**2 - 16790*z - 67195. Give n(-4).
93
Let q(a) = a**3 - 231*a**2 - 207*a - 1247. Determine q(232).
4553
Let f(t) = -t**3 - 350*t**2 - 2785*t - 16846. What is f(-342)?
-88
Let w(b) = -1167*b**2 + 84. Give w(0).
84
Let k(w) = 2*w**3 + 17*w**2 - 24*w - 231. What is k(-6)?
93
Let p(o) = 736*o + 7076. Calculate p(-9).
452
Let f(i) = -1707*i - 155333. Determine f(-91).
4
Let z(r) = 121628*r + 5473259. Determine z(-45).
-1
Let d(x) = -x**3 - 25*x**2 + 139*x + 4679. Calculate d(-21).
-4
Let h(s) = -2*s**2 - 301*s - 124. Determine h(-152).
-580
Let z(v) = 2074*v + 12447. Determine z(-6).
3
Let z(v) = 7968*v - 820712. Determine z(103).
-8
Let c(x) = -x**3 + 354*x**2 + 50*x - 17416. Give c(354).
284
Let k(u) = 1584*u**2 + 76031*u - 54. Give k(-48).
-6
Let v(j) = -3*j**3 - 212*j**2 - 146*j - 595. Determine v(-70).
-175
Let x(k) = -k**3 + 38*k**2 + 311*k - 513. What is x(44)?
1555
Let g(j) = -8*j**2 + 91*j + 545. What is g(-6)?
-289
Let g(m) = -25*m**2 + 262*m - 36. What is g(6)?
636
Let m(a) = -194*a - 6744. Give m(-35).
46
Let q(j) = -26*j**2 + 8221*j + 6648. Give q(317).
-9
Let h(y) = -2163*y - 25208. Determine h(-12).
748
Let o(k) = 8*k**2 + 1527*k + 1232. Calculate o(-190).
-98
Let c(m) = 16920*m - 185883. Calculate c(11).
237
Let m(o) = 135210*o + 270413. What is m(-2)?
-7
Let p(d) = -1119*d - 36195. Determine p(-35).
2970
Let w(c) = 51*c**2 + 13253*c - 15247. Determine w(-261).
-109
Let o(g) = -g**3 - 641*g**2 + 11178*g + 167. Give o(17).
31
Let v(x) = 7*x**2 - 23*x + 9. What is v(5)?
69
Let c(q) = q**3 - 62*q - 391. Give c(13).
1000
Let a(b) = 1005*b**2 + 324*b - 7. Determine a(-1).
674
Let o(r) = r**3 + 1038*r**2 + 12313*r + 22. Calculate o(-12).
10
Let r(s) = -s**3 - 149*s**2 - 3356*s + 35641. Give r(-118).
5
Let v(m) = -842*m**2 + 387*m + 753. Calculate v(-2).
-3389
Let c(u) = 2*u**3 + 100*u**2 - 173*u - 4045. What is c(-51)?
-424
Let q(u) = u**3 + 77*u**2 + 470*u + 18410. What is q(-74)?
58
Let d(b) = -b**2 - 71*b - 125. What is d(18)?
-1727
Let i(q) = 30*q**2 + 18793*q + 26873. Determine i(-625).
-2
Let k(h) = 31*h**2 + 22*h + 232. Calculate k(-9).
2545
Let d(y) = y**3 - 17*y**2 - 322*y + 4106. What is d(12)?
-478
Let b(r) = -13*r**3 - 2*r**2 + 1570*r + 1572. What is b(-1)?
13
Let o(b) = 5*b**2 + 12*b - 125. What is o(4)?
3
Let p(t) = -t**3 - 211*t**2 - 99*t - 21141. Determine p(-211).
-252
Let q(z) = -574*z + 20879. Give q(36).
215
Let w(r) = -2*r**3 - 15*r**2 + 3853*r + 152. Calculate w(-48).
1832
Let q(h) = 87644*h - 87573. Determine q(1).
71
Let c(q) = -11*q**2 - 1689*q + 26848. Determine c(-168).
136
Let z(d) = 122*d - 11577. Calculate z(9